9.
3, 241, 72617
List the prime factors of 16104668.
2, 103, 39089
List the prime factors of 226958273.
23, 1373, 7187
List the prime factors of 58895766.
2, 3, 131, 24977
What are the prime factors of 29766520?
2, 5, 7, 15187
What are the prime factors of 395666793?
3, 101, 435277
List the prime factors of 91210151.
17, 433, 12391
What are the prime factors of 63153328?
2, 7, 563869
List the prime factors of 168871589.
23, 37, 198439
What are the prime factors of 87526421?
17, 739, 6967
List the prime factors of 304330447.
17, 17901791
List the prime factors of 98230851.
3, 10914539
List the prime factors of 1146129523.
7, 11, 449, 33151
What are the prime factors of 22159535?
5, 251, 17657
List the prime factors of 48878154.
2, 3, 13, 23209
What are the prime factors of 69423636?
2, 3, 181, 31963
List the prime factors of 113820300.
2, 3, 5, 11, 11497
What are the prime factors of 345968931?
3, 7, 11, 1497701
What are the prime factors of 115114206?
2, 3, 1499, 12799
List the prime factors of 1456622938.
2, 5689, 128021
What are the prime factors of 470538801?
3, 17, 31, 73, 151
What are the prime factors of 5907507433?
199, 29685967
List the prime factors of 1804449606.
2, 3, 41, 7335161
What are the prime factors of 4119875?
5, 23, 1433
What are the prime factors of 193017632?
2, 6031801
What are the prime factors of 1723768083?
3, 191529787
What are the prime factors of 602511206?
2, 11, 571, 47963
List the prime factors of 1144452311.
41, 101, 276371
What are the prime factors of 99674843?
99674843
What are the prime factors of 1392920181?
3, 23, 6729083
List the prime factors of 34064759.
34064759
What are the prime factors of 1190722341?
3, 1999, 198553
What are the prime factors of 2550313287?
3, 1151, 246193
What are the prime factors of 3092164792?
2, 239, 953, 1697
What are the prime factors of 416888082?
2, 3, 13, 19, 41, 2287
List the prime factors of 301008498.
2, 3, 7, 23, 311603
What are the prime factors of 129022947?
3, 14335883
What are the prime factors of 38721237?
3, 12907079
What are the prime factors of 220945445?
5, 7, 6312727
What are the prime factors of 21510603?
3, 19, 1553
List the prime factors of 1101297494.
2, 11, 19, 53, 49711
What are the prime factors of 1502624596?
2, 11, 34150559
What are the prime factors of 3965813700?
2, 3, 5, 13219379
What are the prime factors of 71544616?
2, 11, 13, 62539
List the prime factors of 66455561.
223, 233, 1279
List the prime factors of 2403285.
3, 5, 53, 3023
List the prime factors of 1998881.
1998881
What are the prime factors of 484647298?
2, 107, 2264707
List the prime factors of 169114747.
29, 79, 97, 761
List the prime factors of 419774916.
2, 3, 11, 37, 61, 1409
List the prime factors of 1713618113.
19, 3391, 26597
List the prime factors of 1143791474.
2, 7, 911, 89681
List the prime factors of 49122818.
2, 24561409
What are the prime factors of 3106828543?
7, 13, 37, 922729
List the prime factors of 16573155.
3, 5, 1104877
List the prime factors of 145082384.
2, 9067649
List the prime factors of 662826372.
2, 3, 13, 449, 9463
List the prime factors of 211041024.
2, 3, 283, 971
What are the prime factors of 122637777?
3, 163, 250793
List the prime factors of 40839374.
2, 2731, 7477
List the prime factors of 4710863668.
2, 7, 1051, 160081
What are the prime factors of 1078630002?
2, 3, 29, 487, 4243
List the prime factors of 146650142.
2, 467, 157013
What are the prime factors of 218276228?
2, 54569057
List the prime factors of 68593794.
2, 3, 3307, 3457
List the prime factors of 422640502.
2, 17, 23, 540461
What are the prime factors of 932799848?
2, 29, 347, 11587
List the prime factors of 142228130.
2, 5, 11, 1292983
What are the prime factors of 17554506?
2, 3, 17, 59, 2917
What are the prime factors of 37271485?
5, 7454297
List the prime factors of 117512335.
5, 43, 546569
List the prime factors of 375984604.
2, 43, 1087, 2011
List the prime factors of 63903661.
61, 163, 6427
List the prime factors of 1392178490.
2, 5, 271, 513719
List the prime factors of 4214775599.
23, 183251113
List the prime factors of 1444373483.
7, 19, 31, 43, 8147
List the prime factors of 46054667.
46054667
What are the prime factors of 32217447?
3, 1493, 7193
List the prime factors of 114116697.
3, 12679633
List the prime factors of 3164135722.
2, 11, 41, 53, 547
List the prime factors of 9891259313.
13, 263, 701, 4127
What are the prime factors of 79249710?
2, 3, 5, 2641657
What are the prime factors of 128173668?
2, 3, 7, 1525877
List the prime factors of 1174697739.
3, 17, 89, 281, 307
What are the prime factors of 10224412?
2, 11, 17, 13669
List the prime factors of 31569017.
17, 1857001
List the prime factors of 78673754.
2, 23, 1710299
What are the prime factors of 4145258896?
2, 53, 103, 47459
What are the prime factors of 88862058?
2, 3, 31, 163, 977
List the prime factors of 23704786.
2, 7, 647, 2617
What are the prime factors of 200928545?
5, 40185709
What are the prime factors of 575500022?
2, 1039, 276949
List the prime factors of 32944749.
3, 10981583
What are the prime factors of 549630990?
2, 3, 5, 6107011
What are the prime factors of 1433291424?
2, 3, 14930119
List the prime factors of 1717722447.
3, 7, 37, 617, 3583
What are the prime factors of 108671940?
2, 3, 5, 13, 46441
What are the prime factors of 1874670479?
11, 317, 421, 1277
List the prime factors of 98302058.
2, 17, 2891237
What are the prime factors of 180538499?
180538499
What are the prime factors of 125144917?
1753, 71389
What are the prime factors of 3201311325?
3, 5, 3229, 13219
What are the prime factors of 169086374?
2, 37, 2284951
List the prime factors of 28099265.
5, 2203, 2551
List the prime factors of 713565528.
2, 3, 13, 2287069
What are the prime factors of 329372050?
2, 5, 7, 911, 1033
List the prime factors of 3161612846.
2, 7, 449, 502961
List the prime factors of 32086873.
7, 13, 503, 701
List the prime factors of 3276028495.
5, 2879, 227581
What are the prime factors of 748420237?
257, 2912141
What are the prime factors of 455386099?
7, 79, 823483
What are the prime factors of 714654695?
5, 19, 991, 7591
What are the prime factors of 5266574?
2, 29, 90803
What are the prime factors of 44976897?
3, 7, 237973
What are the prime factors of 1231139654?
2, 615569827
What are the prime factors of 64548134?
2, 7, 4610581
List the prime factors of 26343028.
2, 59, 111623
List the prime factors of 1781786907.
3, 31, 6386333
What are the prime factors of 3948514?
2, 107, 18451
List the prime factors of 2007352984.
2, 7, 13, 257, 10729
List the prime factors of 986411454.
2, 3, 7, 3355141
List the prime factors of 3002439809.
661, 1741, 2609
What are the prime factors of 239894014?
2, 37, 3241811
List the prime factors of 1386582703.
11, 19, 1549, 4283
What are the prime factors of 590326383?
3, 97, 107, 18959
List the prime factors of 387983784.
2, 3, 16165991
List the prime factors of 346406995.
5, 11, 59, 106751
What are the prime factors of 4295875263?
3, 1431958421
What are the prime factors of 4959792900?
2, 3, 5, 5510881
What are the prime factors of 14434808?
2, 29, 62219
List the prime factors of 2331797511.
3, 47, 131, 126241
List the prime factors of 2771185163.
239, 11594917
What are the prime factors of 36545300?
2, 5, 11, 33223
List the prime factors of 713561996.
2, 7, 2087, 12211
What are the prime factors of 146368284?
2, 3, 379, 32183
List the prime factors of 3721287249.
3, 61, 6778301
List the prime factors of 26369664.
2, 3, 43, 1597
What are the prime factors of 499168708?
2, 179, 239, 2917
What are the prime factors of 375636899?
11, 5189, 6581
List the prime factors of 40012714.
2, 7, 281, 1453
List the prime factors of 1876033657.
17, 103, 1071407
What are the prime factors of 5161509741?
3, 23, 419, 178531
List the prime factors of 451223371.
451223371
List the prime factors of 1477341221.
23, 263, 283, 863
What are the prime factors of 1820090118?
2, 3, 7, 11, 3939589
List the prime factors of 246784869.
3, 17, 43, 37511
What are the prime factors of 1127447007?
3, 29, 3413, 3797
What are the prime factors of 957332392?
2, 43, 317, 8779
List the prime factors of 126631852.
2, 61, 518983
List the prime factors of 436428297.
3, 16164011
List the prime factors of 68712